culate the remainder when 75650 is divided by 8391.
131
Calculate the remainder when 50151 is divided by 247.
10
Calculate the remainder when 102331 is divided by 97.
93
What is the remainder when 4193 is divided by 232?
17
Calculate the remainder when 124688 is divided by 878.
12
Calculate the remainder when 32534 is divided by 319.
315
Calculate the remainder when 14190 is divided by 507.
501
What is the remainder when 35675 is divided by 111?
44
What is the remainder when 402 is divided by 153?
96
Calculate the remainder when 21830 is divided by 624.
614
Calculate the remainder when 13643 is divided by 3410.
3
What is the remainder when 13366 is divided by 14?
10
Calculate the remainder when 28974 is divided by 7231.
50
What is the remainder when 1811822 is divided by 112?
110
What is the remainder when 1247530 is divided by 931?
921
Calculate the remainder when 105627 is divided by 21122.
17
What is the remainder when 1185 is divided by 587?
11
Calculate the remainder when 208739 is divided by 69579.
2
Calculate the remainder when 2968 is divided by 344.
216
What is the remainder when 5151 is divided by 4587?
564
What is the remainder when 7246 is divided by 9?
1
What is the remainder when 28671 is divided by 124?
27
Calculate the remainder when 2385 is divided by 78.
45
Calculate the remainder when 22998 is divided by 528.
294
Calculate the remainder when 38000 is divided by 184.
96
Calculate the remainder when 309 is divided by 82.
63
What is the remainder when 261968 is divided by 23?
21
What is the remainder when 6725 is divided by 210?
5
Calculate the remainder when 786 is divided by 194.
10
What is the remainder when 5633 is divided by 2806?
21
Calculate the remainder when 28876 is divided by 5775.
1
Calculate the remainder when 127503 is divided by 26.
25
What is the remainder when 160211 is divided by 8899?
29
What is the remainder when 6958 is divided by 131?
15
What is the remainder when 365 is divided by 265?
100
Calculate the remainder when 62490 is divided by 100.
90
Calculate the remainder when 38097 is divided by 5121.
2250
What is the remainder when 2733 is divided by 2729?
4
Calculate the remainder when 2107 is divided by 87.
19
What is the remainder when 6430 is divided by 1953?
571
Calculate the remainder when 12797 is divided by 36.
17
Calculate the remainder when 32256 is divided by 1162.
882
Calculate the remainder when 717 is divided by 236.
9
What is the remainder when 13759 is divided by 76?
3
What is the remainder when 7159 is divided by 121?
20
Calculate the remainder when 4019 is divided by 22.
15
Calculate the remainder when 686 is divided by 367.
319
What is the remainder when 131449 is divided by 674?
19
Calculate the remainder when 2752 is divided by 162.
160
Calculate the remainder when 1166239 is divided by 592.
591
What is the remainder when 65535 is divided by 95?
80
What is the remainder when 3640 is divided by 228?
220
Calculate the remainder when 869651 is divided by 522.
521
What is the remainder when 467 is divided by 449?
18
Calculate the remainder when 5081 is divided by 201.
56
Calculate the remainder when 20290 is divided by 2890.
60
Calculate the remainder when 14165 is divided by 526.
489
Calculate the remainder when 38922 is divided by 15.
12
What is the remainder when 1266 is divided by 161?
139
What is the remainder when 11201 is divided by 34?
15
What is the remainder when 3141 is divided by 210?
201
Calculate the remainder when 2319 is divided by 2214.
105
What is the remainder when 108128 is divided by 20?
8
What is the remainder when 1133 is divided by 179?
59
Calculate the remainder when 204292 is divided by 87.
16
Calculate the remainder when 24164 is divided by 76.
72
What is the remainder when 645 is divided by 316?
13
Calculate the remainder when 12582 is divided by 449.
10
What is the remainder when 2448 is divided by 387?
126
What is the remainder when 1610 is divided by 268?
2
Calculate the remainder when 52607 is divided by 128.
127
Calculate the remainder when 125716 is divided by 25.
16
What is the remainder when 18025 is divided by 18011?
14
Calculate the remainder when 11263 is divided by 1584.
175
What is the remainder when 1963 is divided by 497?
472
What is the remainder when 8190924 is divided by 1175?
1174
Calculate the remainder when 8572 is divided by 157.
94
Calculate the remainder when 1829 is divided by 9.
2
What is the remainder when 63448 is divided by 9?
7
What is the remainder when 1972 is divided by 325?
22
What is the remainder when 25087 is divided by 25034?
53
Calculate the remainder when 2680 is divided by 295.
25
Calculate the remainder when 37457 is divided by 19.
8
What is the remainder when 1143833 is divided by 19?
14
What is the remainder when 570 is divided by 568?
2
What is the remainder when 7087 is divided by 5882?
1205
What is the remainder when 6121 is divided by 440?
401
Calculate the remainder when 2111553 is divided by 12.
9
Calculate the remainder when 3349 is divided by 731.
425
What is the remainder when 2976 is divided by 391?
239
What is the remainder when 2231 is divided by 502?
223
Calculate the remainder when 2906 is divided by 348.
122
What is the remainder when 6925 is divided by 1474?
1029
Calculate the remainder when 894 is divided by 152.
134
What is the remainder when 1161 is divided by 829?
332
What is the remainder when 3110530 is divided by 135?
130
What is the remainder when 1622 is divided by 568?
486
Calculate the remainder when 2348 is divided by 55.
38
Calculate the remainder when 27837 is divided by 13915.
7
Calculate the remainder when 175 is divided by 6.
1
What is the remainder when 2197 is divided by 9?
1
Calculate the remainder when 10553 is divided by 2630.
33
Calculate the remainder when 2368 is divided by 1130.
108
What is the remainder when 10713 is divided by 191?
17
Calculate the remainder when 134105 is divided by 132.
125
Calculate the remainder when 301127 is divided by 60217.
42
Calculate the remainder when 19491 is divided by 1.
0
Calculate the remainder when 238568 is divided by 35.
8
What is the remainder when 26548 is divided by 1896?
4
What is the remainder when 60477 is divided by 63?
60
What is the remainder when 4188 is divided by 33?
30
Calculate the remainder when 2791 is divided by 357.
292
What is the remainder when 13876 is divided by 38?
6
Calculate the remainder when 3284 is divided by 94.
88
Calculate the remainder when 39055 is divided by 180.
175
What is the remainder when 1399 is divided by 28?
27
What is the remainder when 287378 is divided by 111?
110
Calculate the remainder when 500175 is divided by 659.
653
What is the remainder when 3178 is divided by 1471?
236
Calculate the remainder when 17844 is divided by 21.
15
Calculate the remainder when 1232 is divided by 106.
66
Calculate the remainder when 3055 is divided by 340.
335
What is the remainder when 2751 is divided by 1301?
149
Calculate the remainder when 146377 is divided by 177.
175
What is the remainder when 8087 is divided by 1247?
605
Calculate the remainder when 1001 is divided by 476.
49
What is the remainder when 57798 is divided by 19263?
9
What is the remainder when 1790171 is divided by 77?
75
What is the remainder when 1961 is divided by 623?
92
What is the remainder when 44017 is divided by 319?
314
Calculate the remainder when 31775 is divided by 28.
23
Calculate the remainder when 20443 is divided by 413.
206
Calculate the remainder when 48399 is divided by 40.
39
What is the remainder when 296103 is divided by 48?
39
What is the remainder when 11980 is divided by 48?
28
What is the remainder when 30172 is divided by 2719?
263
Calculate the remainder when 791570 is divided by 74.
66
Calculate the remainder when 9183 is divided by 212.
67
Calculate the remainder when 2635 is divided by 1311.
13
What is the remainder when 1882 is divided by 172?
162
What is the remainder when 348 is divided by 33?
18
Calculate the remainder when 15338 is divided by 3065.
13
Calculate the remainder when 44495 is divided by 1203.
1187
Calculate the remainder when 1346 is divided by 435.
41
What is the remainder when 26401 is divided by 19?
10
Calculate the remainder when 21808 is divided by 5452.
0
Calculate the remainder whe